y 13.
8
What is the remainder when 362449 is divided by 405?
379
Calculate the remainder when 458680790 is divided by 1358.
1352
What is the remainder when 1658881 is divided by 720?
1
Calculate the remainder when 197717 is divided by 3240.
77
Calculate the remainder when 351342 is divided by 467.
158
What is the remainder when 2847708 is divided by 143?
6
Calculate the remainder when 1174819 is divided by 245.
44
What is the remainder when 115689 is divided by 6?
3
Calculate the remainder when 5387911 is divided by 173.
172
What is the remainder when 3181156 is divided by 212?
96
What is the remainder when 215323324 is divided by 708?
700
What is the remainder when 689090 is divided by 38?
36
What is the remainder when 1085876 is divided by 120650?
26
What is the remainder when 397658 is divided by 1247?
1112
Calculate the remainder when 4830827 is divided by 8119.
22
Calculate the remainder when 434597 is divided by 188.
129
Calculate the remainder when 1510882 is divided by 15.
7
What is the remainder when 80513017 is divided by 1190?
1187
Calculate the remainder when 247181 is divided by 123582.
17
Calculate the remainder when 13923747 is divided by 83.
82
Calculate the remainder when 192296 is divided by 32045.
26
Calculate the remainder when 739278 is divided by 839.
119
What is the remainder when 37830 is divided by 265?
200
What is the remainder when 83824243 is divided by 15?
13
What is the remainder when 96957 is divided by 95737?
1220
Calculate the remainder when 244331 is divided by 243672.
659
What is the remainder when 41595440 is divided by 22?
18
What is the remainder when 937145 is divided by 1263?
1262
What is the remainder when 219720 is divided by 109741?
238
Calculate the remainder when 33600 is divided by 16074.
1452
Calculate the remainder when 3560327 is divided by 228.
107
What is the remainder when 951551 is divided by 384?
383
Calculate the remainder when 75300106 is divided by 168.
154
What is the remainder when 146923989 is divided by 29384796?
9
What is the remainder when 2014747 is divided by 11579?
1
What is the remainder when 4332302 is divided by 113?
108
Calculate the remainder when 30887 is divided by 9208.
3263
What is the remainder when 412789 is divided by 1841?
405
Calculate the remainder when 55630705 is divided by 4159.
4080
Calculate the remainder when 31897521 is divided by 19426.
29
Calculate the remainder when 1660095 is divided by 42550.
645
What is the remainder when 33005 is divided by 74?
1
Calculate the remainder when 4136686 is divided by 1378768.
382
What is the remainder when 19049111 is divided by 35?
11
Calculate the remainder when 22892930 is divided by 79.
73
Calculate the remainder when 3763176 is divided by 80061.
309
Calculate the remainder when 599495 is divided by 26062.
69
What is the remainder when 454488 is divided by 54?
24
Calculate the remainder when 17123190 is divided by 83.
41
What is the remainder when 3773311 is divided by 419241?
142
Calculate the remainder when 7399762 is divided by 1670.
1662
What is the remainder when 393807 is divided by 4075?
2607
Calculate the remainder when 197989 is divided by 190081.
7908
What is the remainder when 39434 is divided by 13131?
41
What is the remainder when 159894 is divided by 78803?
2288
Calculate the remainder when 37850713 is divided by 2819.
0
What is the remainder when 739595 is divided by 606?
275
What is the remainder when 1014365 is divided by 438?
395
What is the remainder when 177012 is divided by 485?
472
Calculate the remainder when 18017050 is divided by 58.
46
What is the remainder when 125975 is divided by 125944?
31
Calculate the remainder when 11649985 is divided by 1059086.
39
Calculate the remainder when 96209 is divided by 266.
183
Calculate the remainder when 52190 is divided by 5794.
44
Calculate the remainder when 718179 is divided by 79787.
96
What is the remainder when 5172748 is divided by 1724246?
10
Calculate the remainder when 3022939 is divided by 25.
14
Calculate the remainder when 106794 is divided by 34674.
2772
What is the remainder when 52470845 is divided by 281?
277
What is the remainder when 9861640 is divided by 294?
292
What is the remainder when 25616252 is divided by 14375?
2
What is the remainder when 514373819 is divided by 1712?
1707
Calculate the remainder when 47649 is divided by 11320.
2369
Calculate the remainder when 17503061 is divided by 584.
581
What is the remainder when 11645 is divided by 1428?
221
Calculate the remainder when 401069 is divided by 16042.
19
What is the remainder when 13918043 is divided by 21?
20
What is the remainder when 8932615 is divided by 7280?
55
What is the remainder when 412318 is divided by 32?
30
Calculate the remainder when 28588002 is divided by 192.
162
What is the remainder when 453262 is divided by 4234?
224
What is the remainder when 1138452 is divided by 28?
0
What is the remainder when 1331601 is divided by 114?
81
What is the remainder when 2753678 is divided by 2942?
2908
Calculate the remainder when 915437961 is divided by 12468.
12465
What is the remainder when 1649386 is divided by 824604?
178
What is the remainder when 36172302 is divided by 1166848?
14
Calculate the remainder when 223228618 is divided by 9314.
9294
Calculate the remainder when 1507447 is divided by 1095.
727
Calculate the remainder when 4720761 is divided by 148.
5
Calculate the remainder when 1390646 is divided by 268.
262
Calculate the remainder when 15291 is divided by 6049.
3193
What is the remainder when 5227962 is divided by 5227948?
14
Calculate the remainder when 7295263 is divided by 7295238.
25
What is the remainder when 2783083 is divided by 27?
4
What is the remainder when 1404245 is divided by 2997?
1649
What is the remainder when 2773595 is divided by 13?
6
Calculate the remainder when 8101284 is divided by 16.
4
Calculate the remainder when 3046752 is divided by 17.
12
What is the remainder when 3389108 is divided by 1190?
1178
Calculate the remainder when 1301672 is divided by 260162.
862
What is the remainder when 612773 is divided by 3225?
23
What is the remainder when 300692690 is divided by 33410298?
8
What is the remainder when 586151 is divided by 13?
7
What is the remainder when 654105 is divided by 914?
595
Calculate the remainder when 4396421 is divided by 48.
5
Calculate the remainder when 8785589 is divided by 4392786.
17
Calculate the remainder when 78487 is divided by 13077.
25
What is the remainder when 146456545 is divided by 439?
438
Calculate the remainder when 162715 is divided by 5205.
1360
Calculate the remainder when 6758 is divided by 1546.
574
Calculate the remainder when 691203 is divided by 138191.
248
Calculate the remainder when 42438767 is divided by 381.
320
What is the remainder when 238839 is divided by 14873?
871
Calculate the remainder when 107539571 is divided by 28.
27
What is the remainder when 8407300 is divided by 3091?
2871
Calculate the remainder when 386577 is divided by 980.
457
What is the remainder when 1293853 is divided by 188?
37
What is the remainder when 94766 is divided by 47159?
448
Calculate the remainder when 329691 is divided by 25360.
11
Calculate the remainder when 620515 is divided by 41.
21
What is the remainder when 740386 is divided by 147344?
3666
What is the remainder when 1958465 is divided by 1810?
45
What is the remainder when 4215732 is divided by 172?
12
What is the remainder when 5543485 is divided by 1847825?
10
What is the remainder when 1404 is divided by 322?
116
What is the remainder when 393152 is divided by 1423?
404
What is the remainder when 18191 is divided by 1857?
1478
What is the remainder when 3634311 is divided by 30035?
76
What is the remainder when 18192 is divided by 135?
102
Calculate the remainder when 7896820 is divided by 15128.
4
Calculate the remainder when 16754 is divided by 593.
150
Calculate the remainder when 211426135 is divided by 10318.
10315
What is the remainder when 8613839 is divided by 182?
143
What is the remainder when 38494 is divided by 326?
26
What is the remainder when 1186813 is divided by 281?
150
What is the remainder when 8498870 is divided by 173444?
114
Calculate the remainder when 50253 is divided by 7164.
105
What is the remaind